 prime factors of 204166107.
3, 17, 43, 31033
List the prime factors of 925754271.
3, 13, 19, 31, 191, 211
List the prime factors of 86939327.
86939327
What are the prime factors of 225189306?
2, 3, 12510517
What are the prime factors of 298285478?
2, 199, 749461
List the prime factors of 682745156.
2, 23, 7421143
What are the prime factors of 68433549?
3, 22811183
List the prime factors of 299265842.
2, 37, 271, 14923
What are the prime factors of 191337175?
5, 37, 61, 3391
List the prime factors of 76678554.
2, 3, 83, 107, 1439
List the prime factors of 22504518.
2, 3, 541, 2311
What are the prime factors of 614927122?
2, 307463561
What are the prime factors of 980927166?
2, 3, 17, 9616933
List the prime factors of 3670264305.
3, 5, 2017, 4493
What are the prime factors of 9911942?
2, 23, 151, 1427
List the prime factors of 31685388.
2, 3, 7, 19, 19853
What are the prime factors of 3116025844?
2, 779006461
What are the prime factors of 32952634?
2, 11, 13, 8863
List the prime factors of 137466709.
17, 8086277
What are the prime factors of 8281000123?
11, 752818193
List the prime factors of 1735645335.
3, 5, 43, 2690923
List the prime factors of 48562610.
2, 5, 4856261
What are the prime factors of 12275734?
2, 17, 173, 2087
What are the prime factors of 1514966920?
2, 5, 283, 133831
What are the prime factors of 90325999?
5303, 17033
What are the prime factors of 107133567?
3, 3739, 9551
What are the prime factors of 6909348?
2, 3, 61, 9439
List the prime factors of 701815341.
3, 29, 43, 6469
What are the prime factors of 4305542896?
2, 269096431
What are the prime factors of 190715327?
11, 17337757
What are the prime factors of 110014183?
1087, 101209
What are the prime factors of 1304681000?
2, 5, 7, 29, 6427
List the prime factors of 74073151.
74073151
List the prime factors of 892146956.
2, 503, 443413
What are the prime factors of 79030646?
2, 43, 271, 3391
List the prime factors of 166424103.
3, 131, 141157
List the prime factors of 7296076.
2, 19, 96001
What are the prime factors of 1089792702?
2, 3, 6359, 9521
What are the prime factors of 146356853?
139, 233, 4519
What are the prime factors of 14362153?
13, 1104781
What are the prime factors of 74080242?
2, 3, 4115569
List the prime factors of 23873662.
2, 1307, 9133
What are the prime factors of 796286166?
2, 3, 13, 10208797
What are the prime factors of 851887193?
6871, 123983
What are the prime factors of 84535210?
2, 5, 643, 13147
List the prime factors of 402587715.
3, 5, 29, 43, 21523
List the prime factors of 35212912.
2, 7, 314401
List the prime factors of 394571687.
394571687
What are the prime factors of 223928523?
3, 7, 13, 91139
What are the prime factors of 533265774?
2, 3, 88877629
What are the prime factors of 1857777172?
2, 11933, 38921
What are the prime factors of 497811384?
2, 3, 7, 149, 947
List the prime factors of 103818488.
2, 47, 276113
What are the prime factors of 21065385?
3, 5, 11, 127669
List the prime factors of 1139653391.
37, 30801443
List the prime factors of 116707697.
137, 851881
What are the prime factors of 472382548?
2, 11, 83, 1069
What are the prime factors of 923565081?
3, 5167, 59581
List the prime factors of 9073029.
3, 7, 37, 11677
List the prime factors of 162492925.
5, 7, 659, 1409
List the prime factors of 5268770011.
23, 857, 267301
List the prime factors of 1396947198.
2, 3, 433, 547, 983
What are the prime factors of 26584519?
13, 2044963
List the prime factors of 1090498595.
5, 37, 103, 151, 379
What are the prime factors of 682985017?
11, 13, 1123, 4253
What are the prime factors of 123333451?
123333451
List the prime factors of 109308815.
5, 7, 11, 97, 2927
What are the prime factors of 748622849?
13, 29, 103, 1483
List the prime factors of 322764691.
79, 4085629
List the prime factors of 301836176.
2, 23, 29, 28283
List the prime factors of 47503514.
2, 811, 29287
What are the prime factors of 31201824?
2, 3, 325019
List the prime factors of 1365614763.
3, 661, 688661
List the prime factors of 878106075.
3, 5, 7, 11, 23, 601
What are the prime factors of 120201182?
2, 19, 127, 24907
List the prime factors of 110518659.
3, 12279851
List the prime factors of 30401906.
2, 23, 389, 1699
What are the prime factors of 2231650766?
2, 1115825383
List the prime factors of 17510164.
2, 7, 31, 20173
What are the prime factors of 225933811?
163, 1386097
What are the prime factors of 280588588?
2, 7, 43, 241, 967
List the prime factors of 243567583.
7, 47, 105761
What are the prime factors of 1032464141?
83, 547, 22741
What are the prime factors of 592399519?
43, 13776733
What are the prime factors of 1147697990?
2, 5, 191, 600889
List the prime factors of 169835983.
169835983
What are the prime factors of 302618298?
2, 3, 50436383
What are the prime factors of 279836544?
2, 3, 13, 29, 1933
What are the prime factors of 53034186?
2, 3, 17, 519943
List the prime factors of 4741636046.
2, 7, 2687, 126047
List the prime factors of 16486548.
2, 3, 13, 105683
What are the prime factors of 2328185748?
2, 3, 7, 19, 76777
List the prime factors of 209690347.
1481, 141587
What are the prime factors of 2143941399?
3, 19, 599, 6977
What are the prime factors of 4732603059?
3, 113, 13960481
List the prime factors of 7325034763.
3307, 2215009
What are the prime factors of 136498910?
2, 5, 617, 22123
List the prime factors of 8231765641.
11, 3571, 19051
What are the prime factors of 4098984665?
5, 17, 19, 311, 8161
What are the prime factors of 44896635?
3, 5, 7, 142529
List the prime factors of 31653249.
3, 547, 19289
What are the prime factors of 346835841?
3, 11, 10510177
What are the prime factors of 107620294?
2, 19, 2832113
List the prime factors of 3317922609.
3, 1105974203
What are the prime factors of 103346337?
3, 23, 557, 2689
What are the prime factors of 3588396994?
2, 7, 13, 311, 63397
What are the prime factors of 1070350491?
3, 7, 50969071
List the prime factors of 1423358114.
2, 443, 1606499
List the prime factors of 147730346.
2, 907, 81439
List the prime factors of 268777338.
2, 3, 821, 54563
What are the prime factors of 1281650408?
2, 101, 1586201
What are the prime factors of 41489681?
467, 88843
List the prime factors of 637410973.
43, 587, 25253
What are the prime factors of 51529130?
2, 5, 31, 113, 1471
What are the prime factors of 954451956?
2, 3, 41, 389, 4987
List the prime factors of 763347902.
2, 97, 3934783
List the prime factors of 2367685177.
11, 13, 16557239
List the prime factors of 15478359.
3, 13, 396881
What are the prime factors of 1545416757?
3, 29, 83, 71339
What are the prime factors of 50951389?
50951389
What are the prime factors of 43134848?
2, 17, 43, 461
List the prime factors of 6388018173.
3, 349, 1123, 1811
What are the prime factors of 99114576?
2, 3, 11, 29, 6473
List the prime factors of 177535363.
107, 487, 3407
What are the prime factors of 164013841?
17, 9647873
What are the prime factors of 142141296?
2, 3, 11, 29, 9283
List the prime factors of 415315112.
2, 51914389
List the prime factors of 4338573323.
7, 3169, 195581
List the prime factors of 145273907.
197, 737431
What are the prime factors of 121892047?
121892047
List the prime factors of 175514185.
5, 7, 11, 455881
List the prime factors of 40931642.
2, 47, 71, 6133
What are the prime factors of 12789819?
3, 7, 73, 103
List the prime factors of 3202164385.
5, 7, 91490411
What are the prime factors of 225719572?
2, 13, 4340761
List the prime factors of 2880576925.
5, 23, 139, 1567
List the prime factors of 30476971.
7, 17, 36587
What are the prime factors of 22353734?
2, 13, 569, 1511
List the prime factors of 752052591.
3, 31, 61, 44189
List the prime factors of 284268900.
2, 3, 5, 17, 139, 401
List the prime factors of 1183793212.
2, 7, 42278329
What are the prime factors of 628191271?
15773, 39827
List the prime factors of 57590878.
2, 83, 346933
What are the prime factors of 1231792281?
3, 3709, 36901
List the prime factors of 2293762023.
3, 7, 19, 89, 7177
List the prime factors of 4159889968.
2, 13, 19999471
List the prime factors of 3408139765.
5, 681627953
What are the prime factors of 196088456?
2, 37, 773, 857
What are the prime factors of 62376711?
3, 20792237
List the prime factors of 1083484816.
2, 67717801
List the prime fac